1 - -46 - (-320 - -490).
-125
What is the value of 48 - (-10 + 20 - 0) - (0 - (-11 - -5))?
32
What is the value of (4 - 2) + (12 - 4) + (-1 - 3) - 20?
-14
Evaluate -81 - (-77 + -62 + 10).
48
Calculate 14 - (8 - 5) - (12 - 28 - -34) - -9.
2
What is 16 - ((-13 - -19) + -26 + 37) - -39?
38
What is -33 - (-35 + 11 + 32)?
-41
(-23 - (-1 - 13) - -10) + -57
-56
Calculate (-7302 - -7280) + (1 - -144).
123
140 - (63 + 52 - -84)
-59
Evaluate -17 + 57 + 9 + 17 - (-3 + 2 + -9).
76
0 + -1 + (0 - 17) + (-147964 - -147922)
-60
What is -54 + 0 + 6 + -4 - (191 - 199)?
-44
Calculate 27 - (74 - 41) - (-26 + 56).
-36
What is the value of (-2 - 0) + -41 - (-70 - -169 - 93)?
-49
(0 - (0 - -81)) + 46 + -41 + 6
-70
Evaluate (-29 - (-6 + -9)) + -3 + 37.
20
What is 8 + 1 + (-53 - -49 - 29)?
-24
What is the value of -50 + 12 + 4 + -24 + (0 - (13 + -4))?
-67
What is 58 + 57 + -83 + -147?
-115
What is (257 + -249 - (6 - -8)) + -72?
-78
What is (-26 + (-8 - -42) - (2 + 0)) + 19?
25
9 - ((8 - 20) + (-1 - -106 - (57 + -54)))
-81
Calculate (13 - -65) + -182 + 46.
-58
Evaluate (2 - (20 + -5)) + 111 + -10 - (0 + -1).
89
What is (0 - (-1 + 14)) + 331 + -320 - -18?
16
-104 + 39 - (18 + -62)
-21
61 + 34 + -2 + -54
39
What is (6 - -129) + 870 + -934?
71
Calculate (-29 - -15) + (-9 - (-58 + -5)) + -9.
31
What is the value of (-2 - -4 - 21) + (-10 - (62 - 54) - -30)?
-7
What is the value of 17 - (-3 - -8) - (68 - (12 + -25))?
-69
45 + 2 + 1690 + -1718
19
Calculate (-74 - (-9 + 4)) + -104 + 100.
-73
3 + -12 + 6 - (-14 + 4 + -10)
17
Evaluate -102 + 7 + -7 + (14 - 17) + 0 + 9.
-96
What is the value of (-10 - (19 + -17)) + 16 + -12 + 49?
41
-13 + -7 + -41 + 85
24
What is (-4 - (27 - 30)) + (5 - 2) + 30 - -11?
43
What is (-4 - 0) + -10 - (-17 + 33)?
-30
What is 0 + (14 - (-35 - 23)) - 9?
63
What is the value of -67 + -19 + -67 + 79?
-74
Evaluate 29 + (-7 - 6) + (-90 - 19) + 11.
-82
Calculate 32 - (-7 + 6 + -2 - (-12 - (12 + -30))).
41
-66 - (-69 - (2 + -34))
-29
What is -25 + -25 + 17 + 84?
51
What is -9 + 3 + 5 + 21 - (-35 + 23)?
32
Calculate 0 - (1 + 4 + (-51 - -19)).
27
What is 23 + (-2 - 15 - (-317 - -344))?
-21
What is the value of -62 - -6 - -69 - (40 - 1) - -17?
-9
55 - (6 - -102) - -6
-47
Evaluate -41 - ((9 - (-18 - -6)) + -10).
-52
What is the value of -2 + (47 + 3 - -1) - (-218 + -156 + 360)?
63
Calculate 57 - (-18 - (-27 + -42)).
6
Calculate 1 - (-13 + -33 + (1 - -18)).
28
What is (1 - (-10 + 3 - -2)) + -16 + 52 - 2?
40
Evaluate -1 + (-2 - 52) - (-1848 - -1832).
-39
Evaluate -5 + -2 + -35 + -11 + 3 + 1 + 5.
-44
What is the value of 55 + -36 + -3 - (0 - -2)?
14
(-9 - 8) + (10 - 12) + (-1 - -7)
-13
Calculate -1 + 2 - -1 - (7 + (71 - 70)).
-6
-23 + (-5 - -22) + -10 - (14 + -1)
-29
-24 - (-39 + 56 - -3)
-44
Calculate -18 - (-25 - -15) - ((-3 - 1) + (-14 - 5)).
15
What is (-102 + 48 - -50) + (-1 - -85)?
80
Calculate -47 + 6 + 27 - -1.
-13
What is 16 + -3 + 9 + 94 - 23?
93
Evaluate 13 + -15 - (17 + 19 + (-20 - -30)).
-48
Evaluate -20 + 1 - (-569 - -551) - (38 - (-3 - 3)).
-45
Calculate -20 + 42 + 81 - 160.
-57
Evaluate -154 - -31 - ((-5 - (3 + -5)) + 0) - -8.
-112
What is the value of 71 + (36 - 21 - (-17 - (2 + -13)))?
92
Calculate (36 - (-29 - 9)) + (8 - 2 - 4) + 8.
84
What is -34 + 78 - (4 + 1)?
39
What is the value of 2 + (1 - 6) - (-58 + 1 + -1 + 7)?
48
Evaluate 5 + (-18 - -10) + 15.
12
What is 19 + (-7 + -9 + -7 - (-36 + 7))?
25
What is 40 + -1 + (99 + -93 - -40)?
85
What is the value of 20 - 23 - (3 - (5 - (9 - (2 + 2))))?
-6
What is (-102 - -103) + (-33 + 34 - (48 - (3 - 0)))?
-43
What is the value of (-3 - (2 - (-7 - -21))) + (19 - -17)?
45
Calculate ((-5 - 1) + 11 + -56 - (-23 + 31)) + 15.
-44
(59 - (29 - -4)) + -79 + 1
-52
What is (3 - (-2 + 0)) + 2 + (-22 - 40 - 46)?
-101
What is (-5 - (-3 - 5 - 6)) + -12 + (-65 - 3)?
-71
Evaluate (-73 + (-4 - (-6 + 0)) - 8) + -8 + 12.
-75
Calculate (42 - -4) + (-16 - 33).
-3
Calculate (-6 - -12) + -81 + 17 + (8 - 11).
-61
Calculate 11 + (-42 - (-73 - -49)).
-7
(1 + 0 - -16 - (14664 + -14733)) + (1 - -3)
90
What is 155 - 167 - 16 - (-3 - 41)?
16
What is the value of (-153 + 145 - (0 - 10 - 1)) + 3 + 18?
24
(-16 - 1) + (153 - (97 + 37))
2
Calculate (2 - 0 - (-21 - -10 - (-2 + -26))) + 1.
-14
What is (1 - (-3 - -30) - -19) + -10 + -2?
-19
What is 0 + -54 - (92 + -132 - -21)?
-35
8 - (-760 - -770 - (-1 + -7))
-10
Evaluate 27 + 9 + -3 + -33 - (5 - -56).
-61
What is the value of 24 + -109 + (46 - 2)?
-41
12 - 1 - (-56 - -23) - -32
76
What is the value of (-102 - (69 + -46)) + (-31 - 1) + (11 - 1)?
-147
Calculate 12 + -5 + -11 + (68 - (-1 - -2)).
63
Calculate (-20 + 26 - 8) + 19 + 4 + -31.
-10
Calculate (-103 - (-21 + 23 + (2 - 4))) + (-159 - -160).
-102
Calculate 23 + -9 - (-15 + 12 + (-11 - (-14 + 7))).
21
What is the value of 2 + (-7 - 0) + (0 - -3) + -6 + 4?
-4
What is the value of 41 + 31 + -43 + -24 - -87?
92
(-3 - -10) + (15 + -22 - -4 - (1 - 1))
4
What is the value of -18 + 48 + -7 + -5 + (0 - -8)?
26
Calculate 13 - (2 + -54 + -30 + 1 + 45).
49
What is 2 - -21 - (14 + -86 + 111)?
-16
What is (76 + -8 - 52) + -24?
-8
What is 83 + -85 + -86 + 128?
40
What is -107 + (31 - (85 + -113))?
-48
What is the value of 123 + -12 + 53 + -125?
39
Calculate 10 + -3 + 24 + -19 + -16.
-4
Evaluate -64 - (46 + -1 + (16 - 22)).
-103
What is the value of 28 - (0 - (-6 + 59 + -23))?
58
(-55 - (-89 + 11 + 33)) + -5
-15
What is the value of -2 - (-45 + (1 - 1) + 17 + -7 + -4)?
37
Calculate 43 - (-54 - -163 - (11 + -56)).
-111
What is the value of -4 + -91 + 2203 + -2054?
54
What is the value of (-156 - -180) + 1 + (-5 - -18) - 0?
38
Evaluate (-6 - 96) + 6 - -19.
-77
What is (-107 - -3) + (-27 - (31 + -44 - 23))?
-95
4 + (-237 - -249 - ((32 + -4 - 3) + 2))
-11
-16 + -27 + (-17 - -37) - -4
-19
2 + 39 + -41 + 35
35
What is 0 + -4 - 8 - ((24 - 59) + -10)?
33
Calculate -2061 + 2035 + (15 - -1) + 0 + -1 + 72.
61
Evaluate 33 + (-37 - 0) + 60 + -2 + 18.
72
What is the value of 6 + (9 + -14 - -8) + 3 - 52?
-40
80 - (62 - -45) - (12 + 0)
-39
What is -28 - (13 + -20 - -2 - -21)?
-44
Calculate (0 - 2 - (-17 - (35 + -60))) + 12 + 40.
42
Calculate -102 + (-110 + 41 - -94).
-77
What is the value of 16 + (181 - 158) + 16 + -1?
54
What is the value of 17 + (39 - (2 + (20 - (-18 - -22))))?
38
Evaluate 67 - (-33 - -15 - -52).
33
Calculate (-8 - 11) + 187 + -81.
87
What is (-32 - -61 - 41) + -29?
-41
Calculate 15 + (26 - (13 - 8) - -2 - 12) + -32.
-6
What is (-15 - 7) + (-28 - (0 + -25))?
-25
What is the value of (-6 - (-7 - -4 - (8 + -6))) + 44 + -65?
-22
What is the value of -90 + 174 - (37 + -1)?
48
What is the value of -1 - -21 - (-3411 + 3412)?
19
What is the value of -1 + 0 + 5 + (-127 - -65) + (-51 - -43)?
-66
Evaluate 5 - (3 - (-27 + 19 - (-4 - 4))).
2
What is -2 + -9 - (27 + 1 + -10 - (5 - -5))?
-19
What is (24 - -33) + -36 + 18?
39
What is (17 - 3 - (-126 + 150)) + -28?
-38
What is (-1 - -6) + -33 + -2 + -2?
-32
What is -72 + -53 + 23 + 11 + -2 + -11?
-104
What is (-6 - 107 - 9) + 268 + -244?
-98
What is -2 + -14 - -3 - (102 + -84)?
-31
Calculate -41 - -20 - (-128 + 137).
-30
-20 - (-61 + 25) - (12 + -1)
5
Evaluate (14 + (8 - 15) - (-3 + -2)) + -1.
11
What is 30 + -1 + (10 - (19 - -2)) - 10 - 45?
-37
Evaluate -5 - ((-2 - 29) + 15) - (-13 - -106).
-82
Evaluate -3 + -1 + (-5 + (22 - 10) - (0 - -27)).
-24
-95 + 111 + 76 - 61
31
Evaluate 18 - (-35 - -121) - -93.
25
Evaluate 29 - 25 - (-116 - -140).
-20
What is the value of 2 - 1 - -21 - (4 - 20 - -5)?
33
What is the value of -5 + 24 + -4 - 17?
-2
What is (12967 - 12939) + (101 - -1)?
130
Evaluate -19 + (29 - -107) + -230.
-113
Evaluate -46 + -97 + 27 + 105.
-11
Calculate (402 - 471 - (-9 - -2)) + -39.
-101
What is 0 + (3 - -8) + (-10 - -31 - 30) + 83?
85
What is (2 - 21) + -84 + 49 + -28?
-82
What is the value of (-2 - -8 - (-50 + 37)) + -23 + (95 - 4)?
87
Calculate -20 - (6 + -9 + (-1 - -51)).
-67
Evaluate (-12 - -27) + (12 - 23) + 30 + -4 - 4.
26
Evaluate (9 - 1) + (7 - (-9 - -6)) + 5 + -8.
15
Evaluate 38 + 22 + -87 + 28.
1
What is -2 + (-7 - (6 + 3 + -10 + -3 - -4))?
-9
Calculate -11 + (-31 - -25 - (-1 - 50)).
34
Calculate 26 + -26 + 66 + -29.
37
What is -53 + (3 - 2) + (-40 - -58 - 10)?
-44
Evaluate -56 + (47 - 5) + 43.
29
What is the value of 16 - (-27 + 9 - -15 - (-7 - -2))?
14
Calculate 28 + (-7 + 23 - 43).
1
Wh